is divided by 32472.
11
Calculate the remainder when 5304354 is divided by 111.
108
What is the remainder when 2017 is divided by 290?
277
Calculate the remainder when 1117353 is divided by 62074.
21
Calculate the remainder when 634365 is divided by 25.
15
What is the remainder when 358884 is divided by 167?
1
Calculate the remainder when 7681209 is divided by 132.
129
What is the remainder when 48283 is divided by 333?
331
What is the remainder when 40749 is divided by 692?
613
Calculate the remainder when 44913 is divided by 93.
87
Calculate the remainder when 501826 is divided by 119.
3
What is the remainder when 1343786 is divided by 30?
26
What is the remainder when 11375 is divided by 2825?
75
What is the remainder when 10590 is divided by 67?
4
What is the remainder when 22350 is divided by 300?
150
What is the remainder when 28106 is divided by 27?
26
Calculate the remainder when 3369 is divided by 548.
81
What is the remainder when 20050 is divided by 43?
12
What is the remainder when 2431 is divided by 852?
727
What is the remainder when 267498 is divided by 15735?
3
What is the remainder when 29855 is divided by 622?
621
What is the remainder when 580600 is divided by 139?
136
What is the remainder when 108787 is divided by 245?
7
What is the remainder when 18076 is divided by 960?
796
What is the remainder when 2094 is divided by 1007?
80
What is the remainder when 3443 is divided by 300?
143
What is the remainder when 3086693 is divided by 1028895?
8
What is the remainder when 993 is divided by 684?
309
Calculate the remainder when 2685 is divided by 247.
215
Calculate the remainder when 8326 is divided by 260.
6
What is the remainder when 1549 is divided by 248?
61
What is the remainder when 2412 is divided by 1081?
250
What is the remainder when 112853 is divided by 1881?
1874
What is the remainder when 98418 is divided by 34?
22
What is the remainder when 50207 is divided by 102?
23
What is the remainder when 214653 is divided by 133?
124
Calculate the remainder when 1550806 is divided by 238.
236
What is the remainder when 54988 is divided by 56?
52
What is the remainder when 1193 is divided by 70?
3
What is the remainder when 773002 is divided by 111?
109
Calculate the remainder when 52144 is divided by 56.
8
What is the remainder when 41579 is divided by 835?
664
Calculate the remainder when 20852 is divided by 6938.
38
Calculate the remainder when 23031 is divided by 66.
63
Calculate the remainder when 33575 is divided by 436.
3
Calculate the remainder when 90509 is divided by 101.
13
Calculate the remainder when 62163 is divided by 62161.
2
What is the remainder when 1007 is divided by 16?
15
Calculate the remainder when 45702 is divided by 3045.
27
What is the remainder when 1077518 is divided by 269379?
2
Calculate the remainder when 75691 is divided by 38.
33
What is the remainder when 3249 is divided by 641?
44
Calculate the remainder when 2230 is divided by 1057.
116
Calculate the remainder when 25249 is divided by 56.
49
What is the remainder when 17816 is divided by 2544?
8
Calculate the remainder when 84855 is divided by 653.
618
What is the remainder when 20229 is divided by 40?
29
Calculate the remainder when 3933 is divided by 27.
18
What is the remainder when 22441 is divided by 5607?
13
Calculate the remainder when 20325 is divided by 13.
6
Calculate the remainder when 3703 is divided by 457.
47
Calculate the remainder when 65622 is divided by 631.
629
Calculate the remainder when 1387 is divided by 494.
399
Calculate the remainder when 14499 is divided by 125.
124
Calculate the remainder when 119275 is divided by 1282.
49
Calculate the remainder when 62012 is divided by 12400.
12
What is the remainder when 939343 is divided by 245?
13
What is the remainder when 51028 is divided by 1759?
17
Calculate the remainder when 9689 is divided by 2085.
1349
What is the remainder when 33042 is divided by 16514?
14
Calculate the remainder when 3141 is divided by 25.
16
What is the remainder when 131525 is divided by 2859?
11
Calculate the remainder when 41978 is divided by 1414.
972
What is the remainder when 9071 is divided by 335?
26
Calculate the remainder when 2212308 is divided by 27.
9
What is the remainder when 63227 is divided by 132?
131
Calculate the remainder when 3680772 is divided by 75.
72
What is the remainder when 4056 is divided by 157?
131
Calculate the remainder when 18424 is divided by 9075.
274
Calculate the remainder when 4048 is divided by 88.
0
Calculate the remainder when 19697 is divided by 52.
41
What is the remainder when 586469 is divided by 2517?
8
Calculate the remainder when 328 is divided by 144.
40
What is the remainder when 47244 is divided by 13?
2
Calculate the remainder when 50532 is divided by 180.
132
What is the remainder when 420820 is divided by 54?
52
What is the remainder when 23644 is divided by 10?
4
Calculate the remainder when 3822 is divided by 2914.
908
Calculate the remainder when 24937 is divided by 3557.
38
Calculate the remainder when 8073 is divided by 1343.
15
What is the remainder when 303719 is divided by 94?
5
What is the remainder when 81708 is divided by 1104?
12
What is the remainder when 1281 is divided by 423?
12
What is the remainder when 48775 is divided by 12191?
11
What is the remainder when 3025 is divided by 1039?
947
Calculate the remainder when 158663 is divided by 39665.
3
Calculate the remainder when 299818 is divided by 98.
36
Calculate the remainder when 66732 is divided by 172.
168
What is the remainder when 4899 is divided by 2165?
569
What is the remainder when 17019 is divided by 16977?
42
What is the remainder when 314867 is divided by 378?
371
Calculate the remainder when 21623 is divided by 5322.
335
Calculate the remainder when 3431 is divided by 475.
106
What is the remainder when 3128 is divided by 1241?
646
What is the remainder when 2150 is divided by 524?
54
Calculate the remainder when 234353 is divided by 236.
5
Calculate the remainder when 13692 is divided by 613.
206
What is the remainder when 12476 is divided by 166?
26
Calculate the remainder when 1571 is divided by 1382.
189
Calculate the remainder when 16130 is divided by 46.
30
What is the remainder when 7023 is divided by 23?
8
Calculate the remainder when 13497 is divided by 3374.
1
Calculate the remainder when 1020 is divided by 283.
171
What is the remainder when 5362804 is divided by 149?
145
Calculate the remainder when 27044 is divided by 5406.
14
What is the remainder when 34822 is divided by 175?
172
Calculate the remainder when 5063 is divided by 355.
93
What is the remainder when 2001638 is divided by 33?
23
What is the remainder when 95972 is divided by 6?
2
What is the remainder when 1709 is divided by 210?
29
Calculate the remainder when 1829 is divided by 594.
47
What is the remainder when 5460 is divided by 206?
104
Calculate the remainder when 35749 is divided by 328.
325
Calculate the remainder when 482866 is divided by 55.
21
Calculate the remainder when 667 is divided by 397.
270
Calculate the remainder when 8977 is divided by 4411.
155
What is the remainder when 1663 is divided by 4?
3
Calculate the remainder when 336 is divided by 157.
22
Calculate the remainder when 1411101 is divided by 343.
342
Calculate the remainder when 661 is divided by 599.
62
What is the remainder when 197202 is divided by 65730?
12
Calculate the remainder when 9058 is divided by 175.
133
Calculate the remainder when 1335 is divided by 416.
87
Calculate the remainder when 3735 is divided by 269.
238
Calculate the remainder when 30805 is divided by 1710.
25
What is the remainder when 1849 is divided by 389?
293
Calculate the remainder when 24742 is divided by 46.
40
Calculate the remainder when 709 is divided by 295.
119
Calculate the remainder when 3195 is divided by 196.
59
Calculate the remainder when 14807 is divided by 1348.
1327
Calculate the remainder when 13138 is divided by 18.
16
Calculate the remainder when 2436871 is divided by 103.
97
What is the remainder when 25791 is divided by 31?
30
What is the remainder when 8411 is divided by 2559?
734
What is the remainder when 608606 is divided by 28?
26
What is the remainder when 6403 is divided by 50?
3
What is the 